{"id":59,"date":"2015-02-19T11:14:54","date_gmt":"2015-02-19T10:14:54","guid":{"rendered":"http:\/\/www.registronmd.it\/?page_id=59"},"modified":"2020-09-11T12:16:07","modified_gmt":"2020-09-11T10:16:07","slug":"fshd","status":"publish","type":"page","link":"https:\/\/www.registronmd.it\/?page_id=59","title":{"rendered":"FSHD"},"content":{"rendered":"<h3 style=\"text-align: justify;\">Il registro Telethon-UILDM per la FSHD<\/h3>\n<p style=\"text-align: justify;\">Il Registro FSHD \u00e8 stato sviluppato come parte di uno studio multicentrico finanziato con il bando <a title=\"Leggi il bando\" href=\"http:\/\/www.uildm.org\/scienza-e-medicina\/progetti-di-ricerca-su-malattie-neuromuscolari\/bando-telethon-uildm\/progetti-telethon-uildm-approvati-2011\/distrofia-facio-scapolo-omerale-sviluppo-del-registro-nazionale\/\" target=\"_blank\" rel=\"noopener noreferrer\">Telethon-UILDM<\/a> proposto da un gruppo di ricercatori clinici specialisti in genetica medica e in neurologia, che operano presso centri clinici neuromuscolari distribuiti in tutta Italia. Coordinatore dello studio \u00e8 la Prof.ssa Rossella Tupler del Dipartimento di Scienze Universit\u00e0 di Modena e Reggio Emilia, Modena.<\/p>\n<p style=\"text-align: justify;\"><strong><em>A cosa serve questo studio?<\/em><\/strong><br \/>\nL&#8217;obiettivo principale del Registro Nazionale Italiano per la FSHD \u00e8 valutare dal punto di vista clinico i casi familiari e sporadici affetti da FSHD per uno studio sistematico della correlazione genotipo-fenotipo di un ampio numero di soggetti portatori della riduzione di elementi ripetuti D4Z4 sul cromosoma 4, marcatore genetico tipico della FSHD. L&#8217;acquisizione di queste informazioni sta gi\u00e0 contribuendo a fare maggiore chiarezza sullo sviluppo della malattia.<\/p>\n<p style=\"text-align: justify;\"><strong><em>Come si sviluppa il progetto?<\/em><\/strong><br \/>\nI ricercatori hanno inizialmente valutato clinicamente un certo numero di pazienti riferiti presso i loro centri e con le informazioni raccolte hanno definito un questionario di valutazione clinica per quantificare il grado di debolezza muscolare e, di conseguenza, il livello di gravit\u00e0 di sei diversi gruppi muscolari: muscoli facciali, muscoli del cingolo scapolare, degli arti superiori, addominali, cingolo pelvico e delle gambe.<br \/>\nLa compilazione del questionario e di una scala di valutazione funzionale attraverso un&#8217;accurata visita medica permette di determinare per ciascun soggetto un &#8220;punteggio clinico&#8221; (o score) FSHD a cui viene poi associata l&#8217;analisi molecolare del DNA, eseguita presso i laboratori diretti dalla Dott.ssa Giuliana Galluzzi a Roma o della Prof.ssa Rossella Tupler a Modena. Le informazioni cliniche e anamnestiche ed i dati molecolari di ogni persona sono quindi inseriti nel database del Registro Nazionale Italiano per la FSHD, presso il Centro Coordinatore di Modena, dopo aver ottenuto il consenso del paziente (o dei suoi genitori in caso di minori) alla raccolta ed al trattamento dei dati personali.<br \/>\nL&#8217;integrazione di queste due informazioni consente di effettuare lo studio di correlazione genotipo-fenotipo, cio\u00e8 l&#8217;analisi di come sono associate nei soggetti italiani la manifestazione clinica della malattia e la caratteristica genetica.<\/p>\n<p style=\"text-align: justify;\"><strong><em>Dove si trovano le informazioni sulla scheda FSHD?<\/em><\/strong><br \/>\nLa scheda di valutazione clinica e la scala funzionale sono disponibili in visione sul sito web dedicato all&#8217;iniziativa <a href=\"http:\/\/www.fshd.it\" target=\"_blank\" rel=\"noopener noreferrer\">www.fshd.it<\/a>. La loro compilazione deve essere fatta da un neurologo esperto di FSHD durante una visita specifica.<\/p>\n<p style=\"text-align: justify;\"><strong><em>Quali sono i risultati dello studio?<\/em><\/strong><br \/>\nLo studio \u00e8 tuttora attivo ed ha ricevuto alla fine del 2011 nuovi fondi Telethon per proseguimento della raccolta dei dati e per la loro elaborazione. Ad oggi 896 portatori di un allele D4Z4 di dimensioni ridotte appartenenti a 430 famiglie con manifestazione della malattia FSHD e 30 pazienti FSHD non portatori di un allele D4Z4 di dimensioni ridotte, di et\u00e0 compresa tra 16-90 anni, sono inclusi nel Registro Nazionale Italiano per la FSHD. Tuttavia, i soggetti che non mostrano segni di debolezza muscolare all&#8217;et\u00e0 di 18 anni sono esclusi dall&#8217;analisi molecolare e quindi dal Registro.<br \/>\nL&#8217;elaborazione dei dati raccolti sinora ha portato a diverse pubblicazioni scientifiche, in particolare:<\/p>\n<ol style=\"text-align: justify;\">\n<li>A standardized clinical evaluation of patients affected by facioscapulohumeral muscular dystrophy: The FSHD clinical score.<br \/>\nAutori: Lamperti C, Fabbri G, Vercelli L, D&#8217;Amico R, Frusciante R, Bonifazi E, Fiorillo C, Borsato C, Cao M, Servida M, Greco F, Di Leo R, Volpi L, Manzoli C, Cudia P, Pastorello E, Ricciardi L, Siciliano G, Galluzzi G, Rodolico C, Santoro L, Tomelleri G, Angelini C, Ricci E, Palmucci L, Moggio M, Tupler R.<br \/>\nRivista scientifica: Muscle &amp; Nerve. 2010 Aug;42(2):213-7.<br \/>\nQuesto articolo riguarda la validazione della scheda di raccolta dati descritta sopra, che ha ricevuto l&#8217;approvazione dalla comunit\u00e0 scientifica internazionale per la sua validit\u00e0 e utilit\u00e0.<\/li>\n<li>Facioscapulohumeral muscular dystrophy: new insights from compound heterozygotes and implication for prenatal genetic counselling.<br \/>\nAutori: <a href=\"http:\/\/www.ncbi.nlm.nih.gov\/pubmed?term=Scionti%20I%5BAuthor%5D&amp;cauthor=true&amp;cauthor_uid=22217918\" target=\"_blank\" rel=\"noopener noreferrer\">Scionti I<\/a>, <a href=\"http:\/\/www.ncbi.nlm.nih.gov\/pubmed?term=Fabbri%20G%5BAuthor%5D&amp;cauthor=true&amp;cauthor_uid=22217918\" target=\"_blank\" rel=\"noopener noreferrer\">Fabbri G<\/a>, <a href=\"http:\/\/www.ncbi.nlm.nih.gov\/pubmed?term=Fiorillo%20C%5BAuthor%5D&amp;cauthor=true&amp;cauthor_uid=22217918\" target=\"_blank\" rel=\"noopener noreferrer\">Fiorillo C<\/a>, <a href=\"http:\/\/www.ncbi.nlm.nih.gov\/pubmed?term=Ricci%20G%5BAuthor%5D&amp;cauthor=true&amp;cauthor_uid=22217918\" target=\"_blank\" rel=\"noopener noreferrer\">Ricci G<\/a>, <a href=\"http:\/\/www.ncbi.nlm.nih.gov\/pubmed?term=Greco%20F%5BAuthor%5D&amp;cauthor=true&amp;cauthor_uid=22217918\" target=\"_blank\" rel=\"noopener noreferrer\">Greco F<\/a>, <a href=\"http:\/\/www.ncbi.nlm.nih.gov\/pubmed?term=D%27Amico%20R%5BAuthor%5D&amp;cauthor=true&amp;cauthor_uid=22217918\" target=\"_blank\" rel=\"noopener noreferrer\">D&#8217;Amico R<\/a>, <a href=\"http:\/\/www.ncbi.nlm.nih.gov\/pubmed?term=Termanini%20A%5BAuthor%5D&amp;cauthor=true&amp;cauthor_uid=22217918\" target=\"_blank\" rel=\"noopener noreferrer\">Termanini A<\/a>, <a href=\"http:\/\/www.ncbi.nlm.nih.gov\/pubmed?term=Vercelli%20L%5BAuthor%5D&amp;cauthor=true&amp;cauthor_uid=22217918\" target=\"_blank\" rel=\"noopener noreferrer\">Vercelli L<\/a>, <a href=\"http:\/\/www.ncbi.nlm.nih.gov\/pubmed?term=Tomelleri%20G%5BAuthor%5D&amp;cauthor=true&amp;cauthor_uid=22217918\" target=\"_blank\" rel=\"noopener noreferrer\">Tomelleri G<\/a>, <a href=\"http:\/\/www.ncbi.nlm.nih.gov\/pubmed?term=Cao%20M%5BAuthor%5D&amp;cauthor=true&amp;cauthor_uid=22217918\" target=\"_blank\" rel=\"noopener noreferrer\">Cao M<\/a>, <a href=\"http:\/\/www.ncbi.nlm.nih.gov\/pubmed?term=Santoro%20L%5BAuthor%5D&amp;cauthor=true&amp;cauthor_uid=22217918\" target=\"_blank\" rel=\"noopener noreferrer\">Santoro L<\/a>, <a href=\"http:\/\/www.ncbi.nlm.nih.gov\/pubmed?term=Percesepe%20A%5BAuthor%5D&amp;cauthor=true&amp;cauthor_uid=22217918\" target=\"_blank\" rel=\"noopener noreferrer\">Percesepe A<\/a>, <a href=\"http:\/\/www.ncbi.nlm.nih.gov\/pubmed?term=Tupler%20R%5BAuthor%5D&amp;cauthor=true&amp;cauthor_uid=22217918\" target=\"_blank\" rel=\"noopener noreferrer\">Tupler R<\/a>.<br \/>\nRivista scientifica: <a title=\"Journal of medical genetics.\" href=\"http:\/\/www.ncbi.nlm.nih.gov\/pubmed\/22217918\" target=\"_blank\" rel=\"noopener noreferrer\">J Med Genet.<\/a> 2012 Mar;49(3):171-8.<br \/>\nQuesto articolo riguarda alcuni aspetti relativi alla consulenza genetica che sono da tenere in considerazione alla luce dell&#8217;analisi dei dati in alcuni sottogruppi di soggetti con FSHD.<\/li>\n<li>Large-scale population analysis challenges the current criteria for the molecular diagnosis of fascioscapulohumeral muscular dystrophy.<br \/>\nAutori: <a href=\"http:\/\/www.ncbi.nlm.nih.gov\/pubmed?term=Scionti%20I%5BAuthor%5D&amp;cauthor=true&amp;cauthor_uid=22482803\" target=\"_blank\" rel=\"noopener noreferrer\">Scionti I<\/a>, <a href=\"http:\/\/www.ncbi.nlm.nih.gov\/pubmed?term=Greco%20F%5BAuthor%5D&amp;cauthor=true&amp;cauthor_uid=22482803\" target=\"_blank\" rel=\"noopener noreferrer\">Greco F<\/a>, <a href=\"http:\/\/www.ncbi.nlm.nih.gov\/pubmed?term=Ricci%20G%5BAuthor%5D&amp;cauthor=true&amp;cauthor_uid=22482803\" target=\"_blank\" rel=\"noopener noreferrer\">Ricci G<\/a>, <a href=\"http:\/\/www.ncbi.nlm.nih.gov\/pubmed?term=Govi%20M%5BAuthor%5D&amp;cauthor=true&amp;cauthor_uid=22482803\" target=\"_blank\" rel=\"noopener noreferrer\">Govi M<\/a>, <a href=\"http:\/\/www.ncbi.nlm.nih.gov\/pubmed?term=Arashiro%20P%5BAuthor%5D&amp;cauthor=true&amp;cauthor_uid=22482803\" target=\"_blank\" rel=\"noopener noreferrer\">Arashiro P<\/a>, <a href=\"http:\/\/www.ncbi.nlm.nih.gov\/pubmed?term=Vercelli%20L%5BAuthor%5D&amp;cauthor=true&amp;cauthor_uid=22482803\" target=\"_blank\" rel=\"noopener noreferrer\">Vercelli L<\/a>, <a href=\"http:\/\/www.ncbi.nlm.nih.gov\/pubmed?term=Berardinelli%20A%5BAuthor%5D&amp;cauthor=true&amp;cauthor_uid=22482803\" target=\"_blank\" rel=\"noopener noreferrer\">Berardinelli A<\/a>, <a href=\"http:\/\/www.ncbi.nlm.nih.gov\/pubmed?term=Angelini%20C%5BAuthor%5D&amp;cauthor=true&amp;cauthor_uid=22482803\" target=\"_blank\" rel=\"noopener noreferrer\">Angelini C<\/a>, <a href=\"http:\/\/www.ncbi.nlm.nih.gov\/pubmed?term=Antonini%20G%5BAuthor%5D&amp;cauthor=true&amp;cauthor_uid=22482803\" target=\"_blank\" rel=\"noopener noreferrer\">Antonini G<\/a>, <a href=\"http:\/\/www.ncbi.nlm.nih.gov\/pubmed?term=Cao%20M%5BAuthor%5D&amp;cauthor=true&amp;cauthor_uid=22482803\" target=\"_blank\" rel=\"noopener noreferrer\">Cao M<\/a>, <a href=\"http:\/\/www.ncbi.nlm.nih.gov\/pubmed?term=Di%20Muzio%20A%5BAuthor%5D&amp;cauthor=true&amp;cauthor_uid=22482803\" target=\"_blank\" rel=\"noopener noreferrer\">Di Muzio A<\/a>, <a href=\"http:\/\/www.ncbi.nlm.nih.gov\/pubmed?term=Moggio%20M%5BAuthor%5D&amp;cauthor=true&amp;cauthor_uid=22482803\" target=\"_blank\" rel=\"noopener noreferrer\">Moggio M<\/a>, <a href=\"http:\/\/www.ncbi.nlm.nih.gov\/pubmed?term=Morandi%20L%5BAuthor%5D&amp;cauthor=true&amp;cauthor_uid=22482803\" target=\"_blank\" rel=\"noopener noreferrer\">Morandi L<\/a>, <a href=\"http:\/\/www.ncbi.nlm.nih.gov\/pubmed?term=Ricci%20E%5BAuthor%5D&amp;cauthor=true&amp;cauthor_uid=22482803\" target=\"_blank\" rel=\"noopener noreferrer\">Ricci E<\/a>, <a href=\"http:\/\/www.ncbi.nlm.nih.gov\/pubmed?term=Rodolico%20C%5BAuthor%5D&amp;cauthor=true&amp;cauthor_uid=22482803\" target=\"_blank\" rel=\"noopener noreferrer\">Rodolico C<\/a>, <a href=\"http:\/\/www.ncbi.nlm.nih.gov\/pubmed?term=Ruggiero%20L%5BAuthor%5D&amp;cauthor=true&amp;cauthor_uid=22482803\" target=\"_blank\" rel=\"noopener noreferrer\">Ruggiero L<\/a>, <a href=\"http:\/\/www.ncbi.nlm.nih.gov\/pubmed?term=Santoro%20L%5BAuthor%5D&amp;cauthor=true&amp;cauthor_uid=22482803\" target=\"_blank\" rel=\"noopener noreferrer\">Santoro L<\/a>, <a href=\"http:\/\/www.ncbi.nlm.nih.gov\/pubmed?term=Siciliano%20G%5BAuthor%5D&amp;cauthor=true&amp;cauthor_uid=22482803\" target=\"_blank\" rel=\"noopener noreferrer\">Siciliano G<\/a>, <a href=\"http:\/\/www.ncbi.nlm.nih.gov\/pubmed?term=Tomelleri%20G%5BAuthor%5D&amp;cauthor=true&amp;cauthor_uid=22482803\" target=\"_blank\" rel=\"noopener noreferrer\">Tomelleri G<\/a>, <a href=\"http:\/\/www.ncbi.nlm.nih.gov\/pubmed?term=Trevisan%20CP%5BAuthor%5D&amp;cauthor=true&amp;cauthor_uid=22482803\" target=\"_blank\" rel=\"noopener noreferrer\">Trevisan CP<\/a>, <a href=\"http:\/\/www.ncbi.nlm.nih.gov\/pubmed?term=Galluzzi%20G%5BAuthor%5D&amp;cauthor=true&amp;cauthor_uid=22482803\" target=\"_blank\" rel=\"noopener noreferrer\">Galluzzi G<\/a>, <a href=\"http:\/\/www.ncbi.nlm.nih.gov\/pubmed?term=Wright%20W%5BAuthor%5D&amp;cauthor=true&amp;cauthor_uid=22482803\" target=\"_blank\" rel=\"noopener noreferrer\">Wright W<\/a>, <a href=\"http:\/\/www.ncbi.nlm.nih.gov\/pubmed?term=Zatz%20M%5BAuthor%5D&amp;cauthor=true&amp;cauthor_uid=22482803\" target=\"_blank\" rel=\"noopener noreferrer\">Zatz M<\/a>, <a href=\"http:\/\/www.ncbi.nlm.nih.gov\/pubmed?term=Tupler%20R%5BAuthor%5D&amp;cauthor=true&amp;cauthor_uid=22482803\" target=\"_blank\" rel=\"noopener noreferrer\">Tupler R<\/a>.<br \/>\nRivista scientifica: <a title=\"American journal of human genetics.\" href=\"http:\/\/www.ncbi.nlm.nih.gov\/pubmed\/22482803\" target=\"_blank\" rel=\"noopener noreferrer\">Am J Hum Genet.<\/a> 2012 Apr 6;90(4):628-35.<br \/>\nQuesto articolo riguarda la prima ampia analisi dei dati del registro e pone in discussione alcuni dei criteri sinora ritenuti essenziali nella diagnosi genetico\/molecolare della patologia.<br \/>\nL&#8217;attivit\u00e0 svolta sinora dal gruppo di clinici \u00e8 stata condivisa con le famiglie che stanno partecipando allo studio, nel corso di 3 incontri di condivisione tenutisi a:<\/li>\n<\/ol>\n<blockquote>\n<ul>\n<li>Modena, 10 aprile 2010<\/li>\n<li>Messina, 9 ottobre 2010<\/li>\n<li>Modena, 22 ottobre 2011<\/li>\n<\/ul>\n<\/blockquote>\n<p style=\"text-align: justify;\"><strong><em>Come posso partecipare a questo studio?<\/em><\/strong><br \/>\nLe persone con FSHD non ancora incluse nello studio che fossero interessate a partecipare possono contattare la Prof.ssa Tupler o il referente del centro clinico neuromuscolare pi\u00f9 vicino alla loro residenza per maggiori informazioni e per prenotare una visita medica.<br \/>\nIn una fase prossima sar\u00e0 valutata la possibile adesione di ulteriori centri clinici e diagnostici alla rete. Si consiglia pertanto di fare riferimento anche al proprio referente clinico, che potrebbe gi\u00e0 essere in contatto con la rete del Registro della FSHD.<\/p>\n<p style=\"text-align: justify;\"><strong><em>Quali sono i centri clinici che fanno parte della rete clinica FSHD?<\/em> <\/strong><br \/>\nFanno attualmente parte della rete clinica per il Registro dei soggetti con FSHD i seguenti centri:<\/p>\n<ol>\n<li style=\"text-align: justify;\">Centro Coordinatore: Prof.ssa Rossella Ginevra Tupler, Dipartimento di Scienze Universit\u00e0 di Modena e Reggio Emilia, Modena, <a href=\"mailto:rossella.tupler@unimore.it\">rossella.tupler@unimore.it<\/a><\/li>\n<li style=\"text-align: justify;\">Prof. Corrado Angelini, Dipartimento di Neuroscienze,Universit\u00e0 Istituto Veneto di Medicina Molecolare, Padova, <a href=\"mailto:corrado.angelini@unipd.it\">corrado.angelini@unipd.i<\/a><\/li>\n<li style=\"text-align: justify;\">Prof. Giovanni Antonini, Dipartimento di Neurologia, Universit\u00e0 &#8220;La Sapienza&#8221;, Roma, <a href=\"mailto:giovanni.antonini@uniroma1.it\">giovanni.antonini@uniroma1.it<\/a><\/li>\n<li style=\"text-align: justify;\">Prof.ssa Angela Berardinelli, Fondazione Istituto Neurologico Nazionale C. Mondino, Pavia angela.berardinelli@mondino.it<\/li>\n<li style=\"text-align: justify;\">Prof. Antonio Di Muzio, Dipartimento di Scienze del Movimento, Centro Regionale per le Malattie Neuromuscolari, sull&#8217;Invecchiamento (Ce.S.I.), Fondazione Universit\u00e0 &#8220;G. d&#8217;Annunzio&#8221; Chieti, <a href=\"mailto:antonio.dimuzio1@tin.it\">antonio.dimuzio1@tin.it<\/a><\/li>\n<li style=\"text-align: justify;\">Prof. Massimiliano Filosto, Clinica Neurologica, Spedali Riuniti, Universit\u00e0 di Brescia, <a href=\"mailto:filosto@med.unibs.it\">filosto@med.unibs.it<\/a><\/li>\n<li style=\"text-align: justify;\">Prof.ssa Giuliana Galluzzi, IRCCS Fondazione Santa Lucia, Roma, <a href=\"mailto:g.galluzzi@hsantalucia.it\">g.galluzzi@hsantalucia.it<\/a><\/li>\n<li style=\"text-align: justify;\">Prof. Maurizio Moggio, Fondazione Ospedale Maggiore Policlinico, Regina Elena. IRCCS, Universit\u00e0 di Milano, <a href=\"mailto:maurizio.moggio@unimi.it\">maurizio.moggio@unimi.it<\/a><\/li>\n<li style=\"text-align: justify;\">Prof.ssa Tiziana Mongini, Centro per le Malattie Neuromuscolari, Dipartimento Neuroscienze, Universit\u00e0 di Torino, Torino, <a href=\"mailto:tmongini@molinette.piemonte.it\">tmongini@molinette.piemonte.it<\/a><\/li>\n<li style=\"text-align: justify;\">Prof.ssa Lucia Morandi, Unit\u00e0 Operativa di Immunologia e Miopatologia, Istituto Neurologico &#8220;Carlo Besta&#8221;, Milano, <a href=\"mailto:lmorandi@istituto-besta.it\">lmorandi@istituto-besta.it<\/a><\/li>\n<li style=\"text-align: justify;\">Prof. Enzo Ricci, Dipartimento di Neuroscienze, Universit\u00e0 Cattolica, Agostino Gemelli, Roma, <a href=\"mailto:ericci@rm.unicatt.it\">ericci@rm.unicatt.it<\/a><\/li>\n<li style=\"text-align: justify;\">Prof. Carmelo Rodolico, Dipartimento di Neuroscienze e Anestesiologia, Universit\u00e0 di Messina, <a href=\"mailto:crodolico@unime.it\">crodolico@unime.it<\/a><\/li>\n<li style=\"text-align: justify;\">Prof. Lucio Santoro, Dipartimento Neurologiche, Servizio di Neurofisiopatologia, Universit\u00e0 di Napoli Federico II, Napoli, <a href=\"mailto:lusantor@unina.it\">lusantor@unina.it<\/a><\/li>\n<li style=\"text-align: justify;\">Prof. Gabriele Siciliano, Dipartimento di Neuroscienze, Universit\u00e0 di Universit\u00e0 di Pisa, <a href=\"mailto:gsicilia@neuro.med.unipi.it\">gsicilia@neuro.med.unipi.it<\/a><\/li>\n<li style=\"text-align: justify;\">Prof. Gaetano Vattemi, Dipartimento di Scienze Neurologiche e Sezione di Neurologia Clinica, Universit\u00e0 di Verona, <a href=\"mailto:gaetano.vattemi@univr.it\">gaetano.vattemi@univr.it<\/a><\/li>\n<\/ol>\n","protected":false},"excerpt":{"rendered":"<p>Il registro Telethon-UILDM per la FSHD Il Registro FSHD \u00e8 stato sviluppato come parte di uno studio multicentrico finanziato con il bando Telethon-UILDM proposto da un gruppo di ricercatori clinici specialisti in genetica medica e in neurologia, che operano presso &#8230; <a class=\"more-link\" href=\"https:\/\/www.registronmd.it\/?page_id=59\">Read More &raquo;<\/a><\/p>\n","protected":false},"author":1,"featured_media":0,"parent":0,"menu_order":11,"comment_status":"closed","ping_status":"closed","template":"","meta":{"footnotes":""},"class_list":["post-59","page","type-page","status-publish","hentry"],"_links":{"self":[{"href":"https:\/\/www.registronmd.it\/index.php?rest_route=\/wp\/v2\/pages\/59","targetHints":{"allow":["GET"]}}],"collection":[{"href":"https:\/\/www.registronmd.it\/index.php?rest_route=\/wp\/v2\/pages"}],"about":[{"href":"https:\/\/www.registronmd.it\/index.php?rest_route=\/wp\/v2\/types\/page"}],"author":[{"embeddable":true,"href":"https:\/\/www.registronmd.it\/index.php?rest_route=\/wp\/v2\/users\/1"}],"replies":[{"embeddable":true,"href":"https:\/\/www.registronmd.it\/index.php?rest_route=%2Fwp%2Fv2%2Fcomments&post=59"}],"version-history":[{"count":0,"href":"https:\/\/www.registronmd.it\/index.php?rest_route=\/wp\/v2\/pages\/59\/revisions"}],"wp:attachment":[{"href":"https:\/\/www.registronmd.it\/index.php?rest_route=%2Fwp%2Fv2%2Fmedia&parent=59"}],"curies":[{"name":"wp","href":"https:\/\/api.w.org\/{rel}","templated":true}]}}